 w. Calculate the greatest common divisor of 9 and z.
9
Suppose -10*n + 72 = -28. What is the highest common factor of 2200 and n?
10
Suppose 4*b + 6*b = 690. What is the greatest common divisor of 1173 and b?
69
Suppose -s - 6 = -t, 6 - 1 = -5*s. Suppose c = o + 196, -2*c - t*o - 150 = -556. Calculate the highest common factor of 22 and c.
22
Suppose -12*z = -x - 11*z + 396, -796 = -2*x + z. Calculate the greatest common factor of 32 and x.
16
Let x be 80/(-32) - (-155)/2. Calculate the highest common divisor of x and 15.
15
Suppose 972 = -68*b + 80*b. Calculate the greatest common factor of b and 18.
9
Suppose 4*p = q - 40, -2*q + 3*p = 2*p - 59. Suppose 2*j + 17 = -5*z, 2*z = 6*j - 4*j - 18. What is the highest common factor of q and j?
4
Suppose 2*g - 9*m - 19 = -8*m, -m + 29 = 2*g. Calculate the highest common divisor of g and 564.
12
Suppose 0 = -4*m - 16, -5*o + 4*m + 3 = -3. Let i be 3/18*o - (-1123)/3. What is the highest common factor of 34 and i?
34
Let g(l) = 2*l**2 - 5*l + l**3 + 4*l**2 + l + 2*l**2 + 3. Let s be g(-6). Calculate the highest common divisor of 11 and s.
11
Suppose v - 33 - 42 = 0. Let n = -16 + 21. Suppose -v = -n*w + 60. Calculate the highest common divisor of 189 and w.
27
Suppose 0 = a - 6 + 1. Suppose a*t = 57 + 328. Suppose -b = -3*b + 22. What is the greatest common divisor of b and t?
11
Let a = 15 - 9. Let x be 2 + 6 + (7 - 11). Calculate the greatest common factor of a and x.
2
Let q(a) = -77*a - 14. Let x be q(-8). Suppose -9*m + 7*m + x = 0. What is the greatest common factor of m and 43?
43
Let r be (156/(-15))/((-6)/30). Let o = 46 - 20. What is the greatest common factor of o and r?
26
Let u = -2 + 4. Suppose -10*s + 168 = 18*s. Suppose 176 = s*v - u*v. What is the greatest common divisor of v and 4?
4
Let i = 72 - 10. What is the greatest common factor of 589 and i?
31
Let j(h) = -h**3 + 12*h**2 - 10*h - 7. Let o be j(11). Suppose -3*l - 2*x - 12 = -7*l, 5*l - 2 = -o*x. Calculate the greatest common divisor of l and 10.
2
Let k(b) = -3*b - 41 + 15 + 8*b + 2*b. Let r be k(6). What is the highest common factor of r and 8?
8
Let n = -78 + 12. Let g = -16 - n. What is the highest common divisor of g and 75?
25
Let a = -31 - -94. Suppose 0 = 25*u - 56*u + 217. What is the highest common factor of a and u?
7
Suppose -v + 26*c + 731 = 22*c, -c = v - 711. What is the greatest common divisor of v and 165?
55
Let g = -22 - -14. Let k be (-4030)/g - (-11)/44. Calculate the highest common factor of k and 56.
56
Suppose 0 = 12*i - 11*i - 55. What is the greatest common divisor of i and 11?
11
Let j be 101 + (8/28 - (-32)/(-14)). Let w = j - -97. What is the greatest common divisor of 28 and w?
28
Let z = 26 + -43. Let h = z - -81. Calculate the highest common divisor of 8 and h.
8
Let m(l) = l**2 - 5*l + 1. Let k be m(6). Let j be (126/6)/(k/2 + -2). Calculate the highest common factor of j and 154.
14
Let x = 65 - 28. Suppose 4*y - 4*p - 91 = -7*p, -y + 4*p = -x. Let l be 1/(0 - 1/(-5)). What is the greatest common factor of l and y?
5
Suppose 2*r = 4*n - 66, -18*r + 48 = 3*n - 19*r. Calculate the highest common divisor of n and 20.
5
Let y be 4/1 + (6 - 3). Suppose -2*x + y*x - 15 = 0. Suppose -x*m - 3*s + 7 = -8*s, 5*s = -5*m + 65. Calculate the greatest common factor of m and 6.
3
Suppose -3*a = 2*n + 3*n - 34, -5*a + 5*n + 30 = 0. Suppose -2*b = 2*d - 12, d + 3*b = 3 - 1. What is the greatest common divisor of a and d?
8
Suppose -153*d = -191*d + 38380. What is the greatest common factor of 40 and d?
10
Let k(n) = 11*n**2 - n + 1. Let f be k(2). Suppose m + 3*r = f, -4*m + 2*r = -2*m - 118. What is the greatest common factor of m and 11?
11
Suppose -34*i = -38*i - 2*g + 74, 4*i - 69 = -g. Suppose -m - 3*m + 12 = 4*j, -3*j - m = -11. Calculate the greatest common factor of j and i.
4
Let x = 28 + -25. Suppose -165 = -5*a - 5*t, 3 = a + x*t - 30. What is the highest common factor of a and 11?
11
Let l = 384 - 176. Calculate the greatest common factor of l and 78.
26
Suppose 5*j - h - 1531 = 2*h, -912 = -3*j + 4*h. Suppose -f + j = 66. What is the highest common factor of 22 and f?
22
Suppose r - 390 = -14*r. What is the greatest common divisor of r and 299?
13
Let r be 15*(3 + -1 - -2). Let n be 0/(1/3*(9 + -12)). Suppose -4*l + r = c + 2*c, n = 4*c - l - 80. Calculate the greatest common divisor of c and 180.
20
Let p = 894 - 502. What is the greatest common divisor of p and 294?
98
Let i = 1662 + -1059. What is the greatest common factor of i and 9?
9
Let w be 334/4*(0 + -3)*-2. Suppose -651 = -8*c + w. Calculate the greatest common factor of c and 18.
18
Let f(w) = w**2 - 5*w - 4. Let g be f(6). Let d(l) = -l + 18. Let n be d(0). What is the greatest common divisor of g and n?
2
Let o = 2 - 10. Let f = o + 13. Suppose -f*a - 2*d = -90, -68 = -4*a + 3*d + 27. What is the greatest common factor of a and 8?
4
Suppose 17*h - 12*h = 140. Suppose 4*f + 3*i - 436 = 0, -2*i = 6*f - f - 552. Calculate the highest common factor of f and h.
28
Let c(n) = 3*n**3 - 4. Let z(p) = p**3 - 1. Let m(i) = -c(i) + 4*z(i). Let r be m(0). Suppose o = -r*o + 18. Calculate the greatest common factor of o and 27.
9
Let a = -396 - -456. Calculate the highest common factor of 330 and a.
30
Suppose 5*c - 33 = 25*b - 23*b, 0 = c + b - 8. Let h(l) = -l - 3. Let i be h(-4). What is the greatest common divisor of c and i?
1
Let i(w) = w**3 - 2*w**2 - w - 6. Let l be i(3). Suppose -4*m - 5*k = -65, 3*m - 4*k - 46 + 5 = l. What is the greatest common factor of m and 5?
5
Suppose -21*q + 25*q - 1488 = 0. What is the greatest common factor of q and 48?
12
Let i be (-170)/(-12) - (99/(-54))/(-11). Calculate the greatest common divisor of 483 and i.
7
Let q be 6*(7 - (1 - 0)). Suppose -3*l = q + 72. Let r = l - -55. Calculate the greatest common divisor of r and 152.
19
Let d(z) = 18*z**3 - z**2 + z - 1. Let w be d(1). Let n = w - 13. Suppose j + 13 = n*h, -3*h - 2*j - 7 = -3. What is the highest common factor of 14 and h?
2
Let r be 0 - 1 - 132/(-22). Suppose 0*x + 10 = r*x, 3*g - 35 = -4*x. Calculate the greatest common divisor of g and 15.
3
Suppose -2*f + 54 = 2*z, 3*z + 13 = 4. Let b = f + -10. What is the highest common divisor of b and 160?
20
Let s be (-29)/(-1) - (2 - 2). Suppose 17 = 6*q - 13. Suppose -1282 = -q*a + 3*b - 113, 0 = a + b - 229. What is the highest common divisor of s and a?
29
Suppose -39 + 139 = 4*o. Calculate the highest common divisor of o and 475.
25
Let m(o) = 3*o**2 + o - 15. Let j be m(-5). Suppose -8*d + 6*d = -30. Let s = d - 4. What is the greatest common factor of s and j?
11
Let b(c) = -c**3 + 8*c**2 - 3*c - 7. Let o = -85 + 92. Let l be b(o). Calculate the highest common factor of l and 84.
21
Suppose 5*p - 19 = j, 3*p + 2*j = -4 + 18. Suppose 0 = -3*y - 5*m + 10, 2*y - m - 8 = -p*m. What is the greatest common factor of y and 130?
10
Suppose -368 = 121*v - 125*v. Calculate the highest common divisor of 92 and v.
92
Suppose 2*v - 1 = 3. Suppose 0 = -v*z - 3*k + 2*k + 70, -3*z - 2*k = -107. What is the greatest common factor of z and 11?
11
Let z = -814 + 1219. What is the greatest common factor of z and 9?
9
Let d(z) = -11*z - z**2 + 26*z - 14 + 3*z**2. Let c be d(-10). What is the greatest common factor of 4 and c?
4
Let d(n) = -6*n**2 + 12. Let r be d(0). Suppose -2*l + 136 = 2*a, -4*a = -4*l + 258 + 46. Suppose -4*h = -2*h - l. What is the highest common factor of r and h?
12
Let z = -5 + 8. Let m = 3184 - 3181. Calculate the highest common factor of z and m.
3
Let w(j) = -j**2 + 3*j - 3. Let n be w(2). Let b be 3*(n - -4*2/4). What is the greatest common divisor of b and 2?
1
Let g = 1967 + -1642. Calculate the greatest common divisor of 13 and g.
13
Let t = 232 + -176. Calculate the greatest common divisor of 232 and t.
8
Suppose w = 17 - 12. Let z be (-114)/(-8) - 7/28. Suppose -j + 8 = -o, 0 = -3*o - w + z. What is the highest common divisor of 22 and j?
11
Suppose 2*x - x - 17 = -4*a, a = -4*x + 98. Suppose x*v - 4*v = 84. What is the greatest common divisor of 72 and v?
4
Let v = -37 + 50. Suppose -16*w + v*w + 48 = 0. Calculate the greatest common factor of 128 and w.
16
Let k = -169 - -105. Let h = -41 - k. What is the greatest common divisor of h and 253?
23
Let x(j) = j - 3*j + 4*j - 27 +